- 0)). Let b = -9 - j. Calculate the remainder when 21 is divided by b.
9
Let z = -72 + 115. Calculate the remainder when z is divided by 9.
7
Let c(t) = 2*t**2 - 24*t - 17. What is the remainder when c(35) is divided by 5?
3
Let i be 5*(15 - (-2 - -4)). Suppose 4*f - i = -f. Suppose 4*q = -3*z + 23, -3*q - 4*z + f = 1. What is the remainder when 29 is divided by q?
5
Suppose 0 = 2*r + 4*q - 84, -4*r - 4*q + 192 = r. Suppose 515*k = 510*k + 50. Calculate the remainder when r is divided by k.
6
Suppose 2*s - 36 = -4*n, s = 4*n - 2*n + 14. Suppose v = -0*v + s. Let a = -46 + 52. Calculate the remainder when v is divided by a.
4
Let f(p) = -2*p + 71. What is the remainder when 1042 is divided by f(30)?
8
Let s = 137 - 80. Let h = -181 - -185. Suppose 0 = -h*d + 173 - s. Calculate the remainder when 56 is divided by d.
27
Let j be -3 + (-4 - (-10)/2). What is the remainder when 21 is divided by (j/(-5))/((-2)/(-60))?
9
Suppose -3*x - 5 = -20. Suppose -a = -4*a - 3, x*a - 17 = -2*v. What is the remainder when 39 is divided by v?
6
Suppose -4*h - 5 = -17. Suppose w + 2*s + 3 - 5 = 0, 5*w + 2*s - 34 = 0. Let v = w + -5. Calculate the remainder when h is divided by v.
0
Let i = -60 + 51. Let h(z) = 25*z**2 - z - 1. Let y be h(-1). Let c = y + i. Calculate the remainder when c is divided by 9.
7
Suppose -7*n = -3*n - 72. Suppose 2 - 17 = -4*d - 5*g, 4*d = -2*g + n. Suppose -d*c + 0*c + 50 = 0. What is the remainder when 37 is divided by c?
7
Let s = -33 + 15. Let j be (4/12)/((-1)/s). Let q(a) = 3*a - 4. What is the remainder when 41 is divided by q(j)?
13
Let b(y) = y**2 + y - 15. What is the remainder when 4/6*3924/8 is divided by b(7)?
40
Let x = 100 - -49. What is the remainder when x is divided by 19?
16
Let o(u) = 3*u. Let t(v) = -19*v + 1. Let i be t(-1). Suppose -n = 3*n - i. What is the remainder when o(n) is divided by 9?
6
Suppose 4*f + 334 = 3*b - 253, -989 = -5*b - 4*f. Let r(z) = -z**2 + 16*z - 38. What is the remainder when b is divided by r(7)?
22
Let b = 436 - 421. Calculate the remainder when 104 is divided by b.
14
Let c = 327 + -256. What is the remainder when c is divided by 33?
5
Let r = -312 - -333. Calculate the remainder when 25 is divided by r.
4
Suppose 3*h = -443 - 238. Let l = -117 - h. Calculate the remainder when l is divided by 38.
34
Suppose 0 = 3*d + 10 + 2, 2*x = -d + 76. Calculate the remainder when x is divided by 20 + (-4 - -5 - 4).
6
Let u = -61 - -93. Let z = 39 - u. What is the remainder when 41 is divided by z?
6
Let y(d) = d**3 - 6*d**2 - 4*d + 28. Let k be y(7). Let r = k - 42. What is the remainder when 17 is divided by r?
3
Let w be 2740/55 + 2/11. Suppose -2*i + 38 + w = 0. What is the remainder when i is divided by 15?
14
Suppose -126*t - 98 = -128*t - 2*u, -5*t + 2*u + 273 = 0. Let s = 56 + -38. What is the remainder when t is divided by s?
17
Let a = 244 - 46. What is the remainder when 74 is divided by (-1 + 0)/((-18)/a)?
8
Suppose w = 2*g - 16, -4*w + 2*w = -g + 2. Calculate the remainder when 128 is divided by g.
8
Suppose -3*w = 8*v - 4*v - 46, 3*v + 3*w - 33 = 0. Let z = v + -69. Calculate the remainder when 54 is divided by (-3)/(124/z - -2).
12
Let f(c) = c**2 - 3*c - 3. Let a be f(-1). Calculate the remainder when ((-39)/52)/(a/(-120)) is divided by 31.
28
Let w be 14*(-35)/14*(-7)/(-5). Let u = w + 58. Calculate the remainder when 11 is divided by u.
2
Calculate the remainder when 325 is divided by (40/6)/((-195)/(-234)).
5
Let l = -1330 + 918. What is the remainder when (-14)/6 + 3 - l/12 is divided by 18?
17
Suppose 11*l - 13*l + 165 = c, -5*l + 435 = -2*c. What is the remainder when 253 is divided by l?
83
What is the remainder when (705/(-10))/((-21)/14) is divided by 19?
9
Suppose -5852 = -0*d - 19*d. Calculate the remainder when d is divided by 24.
20
Let y = 458 + -433. Calculate the remainder when 121 is divided by y.
21
Let p = 93 + -58. Let m = p - 17. What is the remainder when 179 is divided by m?
17
Suppose -3 - 1 = -2*l. Let u(r) be the first derivative of -r**3/3 - r**2 + r + 10. What is the remainder when u(-1) is divided by l?
0
Suppose -7*n = -2*n - 290. Let j = 116 - n. What is the remainder when j is divided by 12?
10
Suppose 3*b + 20 - 59 = -4*q, -2*b - 2*q = -24. Suppose d + 4 = 0, -4*m + 8*m + 100 = -2*d. Let w = m + 58. What is the remainder when w is divided by b?
8
Suppose 7*w = -3*r + 3*w - 1, 2*r = 5*w + 7. Calculate the remainder when ((-30)/(-6))/(-1*(-1)/r) is divided by 5.
0
Let b be (7 + -3)/((-2)/(-4)). Suppose -3*p = -3*w, 6*w - b = 2*w + 2*p. Suppose -w*s = -2*s - 20. Calculate the remainder when 29 is divided by s.
9
Suppose -i = -2*d - d + 106, -2*i = -3*d + 110. Suppose -43 = 4*q - 123. What is the remainder when q is divided by (-2 - 5/2)*d/(-51)?
2
Calculate the remainder when 143 is divided by 7 - (-7 + -5)/6.
8
Suppose 0 = -162*t + 2407 + 1319. Let k(f) = 12*f**2 + f + 1. Calculate the remainder when t is divided by k(-1).
11
Let f(r) = -r. Let n(g) = 4*g + 3. Let h be n(-2). Suppose -2*u + 1 = -5. What is the remainder when f(h) is divided by u?
2
Let z = -350 - -357. What is the remainder when 29 is divided by z?
1
What is the remainder when 7/(-2)*4/(-2) is divided by 21/14 - 72/(-16)?
1
Suppose 0 = n - 0*n - 2. Suppose 5*q = 2*u - 80, 10 = -4*q + 26. Suppose -h + 10 = s, 4*h + u = n*s - 0*s. Calculate the remainder when 57 is divided by s.
12
Let v = -32 + 94. Let z = -21 + 34. Calculate the remainder when v is divided by z.
10
Suppose 0 = 28*z - 27*z - 5*w - 17, -5*w - 51 = -3*z. What is the remainder when 55 is divided by z?
4
Suppose -60 = 3*k - 4*k - 2*a, 2*k - 88 = 4*a. Calculate the remainder when 206 is divided by k.
50
Let y be 1/(-3)*(5 - 11). Let p be y*(-2)/(-8)*30. Calculate the remainder when 40*(p/(-12))/(-1) is divided by 17.
16
Suppose -53 = -3*g - 4*s, 2*g + 4*s = -3*g + 83. Suppose 5*t - 66 = -0*u + u, 3*t - 44 = 5*u. Let q = g - t. Calculate the remainder when 12 is divided by q.
0
Calculate the remainder when 122 is divided by -1 - 6 - (-51 - -3).
40
Suppose 0 = -4*w + 180 + 1124. What is the remainder when w is divided by 8?
6
Let a be 2 + -6 - (-8 + 2). Suppose -2*d + y + 29 = 0, -a = y + y. What is the remainder when 27 is divided by d?
13
Let h(g) = -15*g - 36. Let l be h(-8). Suppose i = -3*p + l, 4*i - 2*p = 177 + 117. Calculate the remainder when i is divided by 29.
17
Suppose -4*i + 210 = i. Suppose z + i = 3*p + 4*z, -4*p = 5*z - 60. What is the remainder when 14 is divided by p?
4
Suppose 2*f + j + 3*j + 26 = 0, 4*f + 4*j + 40 = 0. Let r = f - -11. Calculate the remainder when 5 is divided by r.
1
Let b be 34/6 - (-14)/(-21). Suppose 121 = b*w - n, -4*w - 13 + 121 = 2*n. Calculate the remainder when w is divided by 7.
4
Suppose 240 = 54*x - 49*x. Let j(f) = 18*f**2 + 2*f + 1. What is the remainder when x is divided by j(-1)?
14
Let p be 50/(-75) - (-32)/(-6). What is the remainder when (-4)/p + (-25)/(-3) is divided by 3?
0
Let d(p) = 35*p - 7. Calculate the remainder when d(1) is divided by 10.
8
Let t be (-5)/((-15)/(-9)) + -2. Let a be (-2)/t - 511/(-35). Calculate the remainder when 5 is divided by 6/a - (-23)/5.
0
Suppose -4*n = -3*c + 64, 0 = 10*n - 13*n - 3. Let t = -125 + 224. Calculate the remainder when t is divided by c.
19
Let m be 2/(-4 - 108/(-26)). Suppose -4*g - m = -85. What is the remainder when 69 is divided by g?
15
Suppose 0 = y + 3*w - 140, 3*w - 4*w = 5*y - 672. Let z = -73 + y. Calculate the remainder when z is divided by 18.
7
Let v be (2 + 1)/(2/2). Suppose s - 49 = -s - l, -s - v*l + 22 = 0. Let g(t) = 17*t**2 - 2*t + 10. Calculate the remainder when g(2) is divided by s.
24
Suppose -5*t = -u - 1 + 11, 0 = -2*u + 2*t + 44. Calculate the remainder when 6/(12/122) + (-13 - -13) is divided by u.
11
Suppose 0 = 52*o - 55*o + 27. What is the remainder when 62 is divided by o?
8
Suppose -1 + 21 = 4*h. What is the remainder when 52 is divided by ((-18)/h)/((-6)/45)?
25
Suppose 5*l = -5*f, -l - 3*f + 5 = 13. Let x = 6 - l. Suppose x - 38 = -3*v. Calculate the remainder when v is divided by 4.
0
Let z = 189 + -52. Calculate the remainder when z is divided by 46.
45
What is the remainder when 38 is divided by (1/((-3)/42))/(6/(-6))?
10
Calculate the remainder when (-2206)/(-10) - (264/(-60) + 5) i